{"id":1729,"date":"2025-12-11T17:55:23","date_gmt":"2025-12-11T17:55:23","guid":{"rendered":"https:\/\/inpregsac.com\/?post_type=product&#038;p=1729"},"modified":"2025-12-27T17:02:47","modified_gmt":"2025-12-27T17:02:47","slug":"tiezo-300-wg","status":"publish","type":"product","link":"https:\/\/inpregsac.com\/index.php\/producto\/tiezo-300-wg\/","title":{"rendered":"TIEZO 300 WG"},"content":{"rendered":"\t\t<div data-elementor-type=\"wp-post\" data-elementor-id=\"1729\" class=\"elementor elementor-1729\" data-elementor-post-type=\"product\">\n\t\t\t\t\t\t<section class=\"elementor-section elementor-top-section elementor-element elementor-element-ac74866 elementor-hidden-desktop elementor-hidden-tablet elementor-hidden-mobile elementor-section-boxed elementor-section-height-default elementor-section-height-default\" data-id=\"ac74866\" data-element_type=\"section\">\n\t\t\t\t\t\t<div class=\"elementor-container elementor-column-gap-default\">\n\t\t\t\t\t<div class=\"elementor-column elementor-col-100 elementor-top-column elementor-element elementor-element-00455b3\" data-id=\"00455b3\" data-element_type=\"column\">\n\t\t\t<div class=\"elementor-widget-wrap elementor-element-populated\">\n\t\t\t\t\t\t<section class=\"elementor-section elementor-inner-section elementor-element elementor-element-0b58131 elementor-section-boxed elementor-section-height-default elementor-section-height-default\" data-id=\"0b58131\" data-element_type=\"section\">\n\t\t\t\t\t\t<div class=\"elementor-container elementor-column-gap-default\">\n\t\t\t\t\t<div class=\"elementor-column elementor-col-33 elementor-inner-column elementor-element elementor-element-68d5cd2\" data-id=\"68d5cd2\" data-element_type=\"column\">\n\t\t\t<div class=\"elementor-widget-wrap\">\n\t\t\t\t\t\t\t<\/div>\n\t\t<\/div>\n\t\t\t\t<div class=\"elementor-column elementor-col-33 elementor-inner-column elementor-element elementor-element-e9e37c9\" data-id=\"e9e37c9\" data-element_type=\"column\">\n\t\t\t<div class=\"elementor-widget-wrap elementor-element-populated\">\n\t\t\t\t\t\t<div class=\"elementor-element elementor-element-11028d6 elementor-widget elementor-widget-heading\" data-id=\"11028d6\" data-element_type=\"widget\" data-widget_type=\"heading.default\">\n\t\t\t\t\t<h2 class=\"elementor-heading-title elementor-size-default\">Mochila Fumigadora  <span style=\"color:#2A27E9\">Manual<\/span>.<\/h2>\t\t\t\t<\/div>\n\t\t\t\t\t<\/div>\n\t\t<\/div>\n\t\t\t\t<div class=\"elementor-column elementor-col-33 elementor-inner-column elementor-element elementor-element-e35eb49\" data-id=\"e35eb49\" data-element_type=\"column\">\n\t\t\t<div class=\"elementor-widget-wrap\">\n\t\t\t\t\t\t\t<\/div>\n\t\t<\/div>\n\t\t\t\t\t<\/div>\n\t\t<\/section>\n\t\t\t\t<section class=\"elementor-section elementor-inner-section elementor-element elementor-element-a00a4aa elementor-reverse-mobile elementor-hidden-desktop elementor-hidden-tablet elementor-hidden-mobile elementor-section-boxed elementor-section-height-default elementor-section-height-default\" data-id=\"a00a4aa\" data-element_type=\"section\">\n\t\t\t\t\t\t<div class=\"elementor-container elementor-column-gap-no\">\n\t\t\t\t\t<div class=\"elementor-column elementor-col-50 elementor-inner-column elementor-element elementor-element-aebdda8\" data-id=\"aebdda8\" data-element_type=\"column\" data-settings=\"{&quot;background_background&quot;:&quot;classic&quot;}\">\n\t\t\t<div class=\"elementor-widget-wrap elementor-element-populated\">\n\t\t\t\t\t\t<div class=\"elementor-element elementor-element-dc7ae6c elementor-widget elementor-widget-heading\" data-id=\"dc7ae6c\" data-element_type=\"widget\" data-widget_type=\"heading.default\">\n\t\t\t\t\t<h4 class=\"elementor-heading-title elementor-size-default\">Eficiencia y Control en Cada Rociado<\/h4>\t\t\t\t<\/div>\n\t\t\t\t<div class=\"elementor-element elementor-element-7333a85 elementor-widget elementor-widget-text-editor\" data-id=\"7333a85\" data-element_type=\"widget\" data-widget_type=\"text-editor.default\">\n\t\t\t\t\t\t\t\t\t<p data-start=\"399\" data-end=\"701\">La mochila fumigadora de 16 litros mantiene una presi\u00f3n constante que permite una aplicaci\u00f3n uniforme en cualquier superficie. Su dise\u00f1o ligero y ergon\u00f3mico reduce la fatiga durante las jornadas extensas, y el tanque reforzado permite trabajar con una amplia variedad de insumos agr\u00edcolas y sanitarios.<\/p>\t\t\t\t\t\t\t\t<\/div>\n\t\t\t\t\t<\/div>\n\t\t<\/div>\n\t\t\t\t<div class=\"elementor-column elementor-col-50 elementor-inner-column elementor-element elementor-element-2f2a32e\" data-id=\"2f2a32e\" data-element_type=\"column\">\n\t\t\t<div class=\"elementor-widget-wrap elementor-element-populated\">\n\t\t\t\t\t\t<div class=\"elementor-element elementor-element-eca2fdd elementor-widget elementor-widget-image\" data-id=\"eca2fdd\" data-element_type=\"widget\" data-widget_type=\"image.default\">\n\t\t\t\t\t\t\t\t\t\t\t\t\t\t\t<img fetchpriority=\"high\" decoding=\"async\" width=\"1024\" height=\"1024\" src=\"https:\/\/inpregsac.com\/wp-content\/uploads\/2022\/08\/image-gen-38.png\" class=\"attachment-large size-large wp-image-627\" alt=\"\" srcset=\"https:\/\/inpregsac.com\/wp-content\/uploads\/2022\/08\/image-gen-38.png 1024w, https:\/\/inpregsac.com\/wp-content\/uploads\/2022\/08\/image-gen-38-800x800.png 800w, https:\/\/inpregsac.com\/wp-content\/uploads\/2022\/08\/image-gen-38-300x300.png 300w, https:\/\/inpregsac.com\/wp-content\/uploads\/2022\/08\/image-gen-38-500x500.png 500w, https:\/\/inpregsac.com\/wp-content\/uploads\/2022\/08\/image-gen-38-768x768.png 768w, https:\/\/inpregsac.com\/wp-content\/uploads\/2022\/08\/image-gen-38-150x150.png 150w, https:\/\/inpregsac.com\/wp-content\/uploads\/2022\/08\/image-gen-38-75x75.png 75w, https:\/\/inpregsac.com\/wp-content\/uploads\/2022\/08\/image-gen-38-480x480.png 480w\" sizes=\"(max-width:767px) 480px, (max-width:1024px) 100vw, 1024px\" \/>\t\t\t\t\t\t\t\t\t\t\t\t\t\t\t<\/div>\n\t\t\t\t\t<\/div>\n\t\t<\/div>\n\t\t\t\t\t<\/div>\n\t\t<\/section>\n\t\t\t\t<section class=\"elementor-section elementor-inner-section elementor-element elementor-element-2f52631 elementor-section-boxed elementor-section-height-default elementor-section-height-default\" data-id=\"2f52631\" data-element_type=\"section\">\n\t\t\t\t\t\t<div class=\"elementor-container elementor-column-gap-no\">\n\t\t\t\t\t<div class=\"elementor-column elementor-col-50 elementor-inner-column elementor-element elementor-element-5917191\" data-id=\"5917191\" data-element_type=\"column\">\n\t\t\t<div class=\"elementor-widget-wrap elementor-element-populated\">\n\t\t\t\t\t\t<div class=\"elementor-element elementor-element-af155b1 elementor-widget elementor-widget-image\" data-id=\"af155b1\" data-element_type=\"widget\" data-widget_type=\"image.default\">\n\t\t\t\t\t\t\t\t\t\t\t\t\t\t\t<img decoding=\"async\" width=\"1024\" height=\"1024\" src=\"https:\/\/inpregsac.com\/wp-content\/uploads\/2022\/08\/image-gen-39.png\" class=\"attachment-large size-large wp-image-628\" alt=\"\" srcset=\"https:\/\/inpregsac.com\/wp-content\/uploads\/2022\/08\/image-gen-39.png 1024w, https:\/\/inpregsac.com\/wp-content\/uploads\/2022\/08\/image-gen-39-800x800.png 800w, https:\/\/inpregsac.com\/wp-content\/uploads\/2022\/08\/image-gen-39-300x300.png 300w, https:\/\/inpregsac.com\/wp-content\/uploads\/2022\/08\/image-gen-39-500x500.png 500w, https:\/\/inpregsac.com\/wp-content\/uploads\/2022\/08\/image-gen-39-768x768.png 768w, https:\/\/inpregsac.com\/wp-content\/uploads\/2022\/08\/image-gen-39-150x150.png 150w, https:\/\/inpregsac.com\/wp-content\/uploads\/2022\/08\/image-gen-39-75x75.png 75w, https:\/\/inpregsac.com\/wp-content\/uploads\/2022\/08\/image-gen-39-480x480.png 480w\" sizes=\"(max-width:767px) 480px, (max-width:1024px) 100vw, 1024px\" \/>\t\t\t\t\t\t\t\t\t\t\t\t\t\t\t<\/div>\n\t\t\t\t\t<\/div>\n\t\t<\/div>\n\t\t\t\t<div class=\"elementor-column elementor-col-50 elementor-inner-column elementor-element elementor-element-ccb6eb5\" data-id=\"ccb6eb5\" data-element_type=\"column\" data-settings=\"{&quot;background_background&quot;:&quot;classic&quot;}\">\n\t\t\t<div class=\"elementor-widget-wrap elementor-element-populated\">\n\t\t\t\t\t\t<div class=\"elementor-element elementor-element-aca8c47 elementor-widget elementor-widget-heading\" data-id=\"aca8c47\" data-element_type=\"widget\" data-widget_type=\"heading.default\">\n\t\t\t\t\t<h4 class=\"elementor-heading-title elementor-size-default\">Durabilidad y Adaptaci\u00f3n para Todo Terreno<\/h4>\t\t\t\t<\/div>\n\t\t\t\t<div class=\"elementor-element elementor-element-9a2a614 elementor-widget elementor-widget-text-editor\" data-id=\"9a2a614\" data-element_type=\"widget\" data-widget_type=\"text-editor.default\">\n\t\t\t\t\t\t\t\t\t<p data-start=\"756\" data-end=\"1018\">La boquilla regulable brinda un control preciso del patr\u00f3n de rociado, adapt\u00e1ndose a tratamientos finos o m\u00e1s intensos. Adem\u00e1s, su sistema de bombeo manual es resistente y f\u00e1cil de mantener, garantizando una vida \u00fatil prolongada incluso en condiciones exigentes.<\/p>\t\t\t\t\t\t\t\t<\/div>\n\t\t\t\t\t<\/div>\n\t\t<\/div>\n\t\t\t\t\t<\/div>\n\t\t<\/section>\n\t\t\t\t\t<\/div>\n\t\t<\/div>\n\t\t\t\t\t<\/div>\n\t\t<\/section>\n\t\t\t\t<\/div>\n\t\t","protected":false},"excerpt":{"rendered":"<div class=\"b1detalle_description\">\n<div class=\"b1detalle_description\">\n<div class=\"b1detalle_description\">\n<div class=\"b1detalle_description\">\n<div class=\"b1detalle_description\">\n<div class=\"b1detalle_description\">\n<div class=\"b1detalle_description\">\n<div class=\"b1detalle_description\">\n<div class=\"b1detalle_description\">\n<div class=\"b1detalle_description\">\n<div class=\"b1detalle_description\">\n<div class=\"b1detalle_description\">\n<div class=\"b1detalle_description\">\n<div class=\"b1detalle_description\">\n<div class=\"b1detalle_description\">\n<div class=\"b1detalle_description\">\n<div class=\"b1detalle_description\">\n<div class=\"b1detalle_description\">\n<div class=\"b1detalle_description\">\n<div class=\"b1detalle_description\">\n<div class=\"b1detalle_description\">\n<div class=\"b1detalle_description\">\n<div class=\"b1detalle_description\">\n<div class=\"b1detalle_description\">\n<div class=\"b1detalle_description\">\n<div class=\"b1detalle_description\">\n<div class=\"b1detalle_description\">\n<div class=\"b1detalle_description\">\n<div class=\"b1detalle_description\">\n<div class=\"b1detalle_description\">\n<div class=\"b1detalle_description\">\n<div class=\"b1detalle_description\">\n<div class=\"b1detalle_description\">\n<div class=\"b1detalle_description\">\n<div class=\"b1detalle_description\">\n<div class=\"b1detalle_description\">\n<div class=\"b1detalle_description\">\n<div class=\"b1detalle_description\">\n<div class=\"b1detalle_description\">\n<div class=\"b1detalle_description\">\n<div class=\"b1detalle_description\">\n<div class=\"b1detalle_description\">\n<p>Insecticida compuesto por dos ingredientes activos:\u00a0<strong>Thiamethoxam<\/strong>\u00a0que act\u00faa por contacto e ingesti\u00f3n, presenta una actividad traslaminar y con alta sistemicidad en forma ascendente, tiene una excelente translocaci\u00f3n acrop\u00e9tala en el xilema y adem\u00e1s una peque\u00f1a cantidad de producto es transportado a trav\u00e9s del floema (basip\u00e9talo). Entre el 15-40% del material aplicado es traslocado dentro del follaje poco despu\u00e9s de la aplicaci\u00f3n. Thiamethoxam act\u00faa interfiriendo los receptores acetil colina nicot\u00ednicos post sin\u00e1pticos, afectando la sinapsis en el sistema nervioso central del insecto. Los insectos quedan paralizados y mueren.\u00a0<strong>Emamectin benzoate<\/strong>\u00a0es un insecticida que act\u00faa principalmente por ingesti\u00f3n pero con alguna acci\u00f3n de contacto. Emamectin benzoato se fija a receptores espec\u00edficos en el sistema nervioso del organismo objetivo. Esta fijaci\u00f3n a receptores potencia la actividad de neurotransmisores tales como el glutamato y el \u00e1cido gama aminobut\u00edrico (GABA) para mantener abiertos los canales del cloro, lo que aumenta la permeabilidad de la membrana celular a los iones de cloro. El flujo resultante de iones de cloro lleva a la par\u00e1lisis y finalmente a la muerte del insecto plaga.<\/p>\n<\/div>\n<\/div>\n<\/div>\n<\/div>\n<\/div>\n<\/div>\n<\/div>\n<\/div>\n<\/div>\n<\/div>\n<\/div>\n<\/div>\n<\/div>\n<\/div>\n<\/div>\n<\/div>\n<\/div>\n<\/div>\n<\/div>\n<\/div>\n<\/div>\n<\/div>\n<\/div>\n<\/div>\n<\/div>\n<\/div>\n<\/div>\n<\/div>\n<\/div>\n<\/div>\n<\/div>\n<\/div>\n<\/div>\n<\/div>\n<\/div>\n<\/div>\n<\/div>\n<\/div>\n<\/div>\n<\/div>\n<\/div>\n<\/div>\n","protected":false},"featured_media":1730,"comment_status":"open","ping_status":"closed","template":"","meta":[],"product_brand":[],"product_cat":[139,136,22],"product_tag":[],"class_list":{"0":"post-1729","1":"product","2":"type-product","3":"status-publish","4":"has-post-thumbnail","6":"product_cat-insecticidas","7":"product_cat-insecticidas-agricolas","8":"product_cat-productos","10":"first","11":"instock","12":"shipping-taxable","13":"purchasable","14":"product-type-simple"},"_links":{"self":[{"href":"https:\/\/inpregsac.com\/index.php\/wp-json\/wp\/v2\/product\/1729","targetHints":{"allow":["GET"]}}],"collection":[{"href":"https:\/\/inpregsac.com\/index.php\/wp-json\/wp\/v2\/product"}],"about":[{"href":"https:\/\/inpregsac.com\/index.php\/wp-json\/wp\/v2\/types\/product"}],"replies":[{"embeddable":true,"href":"https:\/\/inpregsac.com\/index.php\/wp-json\/wp\/v2\/comments?post=1729"}],"version-history":[{"count":1,"href":"https:\/\/inpregsac.com\/index.php\/wp-json\/wp\/v2\/product\/1729\/revisions"}],"predecessor-version":[{"id":1731,"href":"https:\/\/inpregsac.com\/index.php\/wp-json\/wp\/v2\/product\/1729\/revisions\/1731"}],"wp:featuredmedia":[{"embeddable":true,"href":"https:\/\/inpregsac.com\/index.php\/wp-json\/wp\/v2\/media\/1730"}],"wp:attachment":[{"href":"https:\/\/inpregsac.com\/index.php\/wp-json\/wp\/v2\/media?parent=1729"}],"wp:term":[{"taxonomy":"product_brand","embeddable":true,"href":"https:\/\/inpregsac.com\/index.php\/wp-json\/wp\/v2\/product_brand?post=1729"},{"taxonomy":"product_cat","embeddable":true,"href":"https:\/\/inpregsac.com\/index.php\/wp-json\/wp\/v2\/product_cat?post=1729"},{"taxonomy":"product_tag","embeddable":true,"href":"https:\/\/inpregsac.com\/index.php\/wp-json\/wp\/v2\/product_tag?post=1729"}],"curies":[{"name":"wp","href":"https:\/\/api.w.org\/{rel}","templated":true}]}}